{"id":2,"date":"2024-11-29T12:47:00","date_gmt":"2024-11-29T12:47:00","guid":{"rendered":"http:\/\/rotary.b01.me\/?page_id=2"},"modified":"2025-06-06T07:46:44","modified_gmt":"2025-06-06T07:46:44","slug":"sample-page","status":"publish","type":"page","link":"https:\/\/rotary.b01.me\/","title":{"rendered":"Home Page"},"content":{"rendered":"\t\t<div data-elementor-type=\"wp-page\" data-elementor-id=\"2\" class=\"elementor elementor-2\" data-elementor-post-type=\"page\">\n\t\t\t\t<div class=\"elementor-element elementor-element-1074ee4 e-con-full animated-slow e-flex elementor-invisible e-con e-parent\" data-id=\"1074ee4\" data-element_type=\"container\" data-settings=\"{&quot;animation&quot;:&quot;fadeIn&quot;}\">\n\t\t\t\t<div class=\"elementor-element elementor-element-927ba66 elementor-widget elementor-widget-video\" data-id=\"927ba66\" data-element_type=\"widget\" data-settings=\"{&quot;video_type&quot;:&quot;hosted&quot;,&quot;autoplay&quot;:&quot;yes&quot;,&quot;mute&quot;:&quot;yes&quot;}\" data-widget_type=\"video.default\">\n\t\t\t\t<div class=\"elementor-widget-container\">\n\t\t\t\t\t<div class=\"e-hosted-video elementor-wrapper elementor-open-inline\">\n\t\t\t\t\t<video class=\"elementor-video\" src=\"http:\/\/rotary.b01.me\/wp-content\/uploads\/2025\/05\/Video-Rotary-ok.mp4\" autoplay=\"\" muted=\"muted\" controlsList=\"nodownload\"><\/video>\n\t\t\t\t<\/div>\n\t\t\t\t<\/div>\n\t\t\t\t<\/div>\n\t\t\t\t<\/div>\n\t\t<div class=\"elementor-element elementor-element-e74b5b9 animated-slow e-flex e-con-boxed elementor-invisible e-con e-parent\" data-id=\"e74b5b9\" data-element_type=\"container\" data-settings=\"{&quot;animation&quot;:&quot;fadeIn&quot;}\">\n\t\t\t\t\t<div class=\"e-con-inner\">\n\t\t\t\t<div class=\"elementor-element elementor-element-9e100b7 elementor-align-center elementor-widget elementor-widget-button\" data-id=\"9e100b7\" data-element_type=\"widget\" data-widget_type=\"button.default\">\n\t\t\t\t<div class=\"elementor-widget-container\">\n\t\t\t\t\t\t\t<div class=\"elementor-button-wrapper\">\n\t\t\t\t\t<a class=\"elementor-button elementor-button-link elementor-size-sm\" href=\"#evidenza\">\n\t\t\t\t\t\t<span class=\"elementor-button-content-wrapper\">\n\t\t\t\t\t\t\t\t\t<span class=\"elementor-button-text\">\u2193<\/span>\n\t\t\t\t\t<\/span>\n\t\t\t\t\t<\/a>\n\t\t\t\t<\/div>\n\t\t\t\t\t\t<\/div>\n\t\t\t\t<\/div>\n\t\t\t\t\t<\/div>\n\t\t\t\t<\/div>\n\t\t<div class=\"elementor-element elementor-element-4447c07 animated-slow e-flex e-con-boxed elementor-invisible e-con e-parent\" data-id=\"4447c07\" data-element_type=\"container\" id=\"evidenza\" data-settings=\"{&quot;animation&quot;:&quot;fadeIn&quot;}\">\n\t\t\t\t\t<div class=\"e-con-inner\">\n\t\t\t\t<div class=\"elementor-element elementor-element-4790ea6 elementor-invisible elementor-widget elementor-widget-text-editor\" data-id=\"4790ea6\" data-element_type=\"widget\" data-settings=\"{&quot;_animation&quot;:&quot;fadeInLeft&quot;}\" data-widget_type=\"text-editor.default\">\n\t\t\t\t<div class=\"elementor-widget-container\">\n\t\t\t\t\t\t\t<p>In evidenza<\/p>\t\t\t\t\t\t<\/div>\n\t\t\t\t<\/div>\n\t\t\t\t\t<\/div>\n\t\t\t\t<\/div>\n\t\t<div class=\"elementor-element elementor-element-79853c9b animated-slow e-flex e-con-boxed elementor-invisible e-con e-parent\" data-id=\"79853c9b\" data-element_type=\"container\" data-settings=\"{&quot;animation&quot;:&quot;fadeIn&quot;}\">\n\t\t\t\t\t<div class=\"e-con-inner\">\n\t\t\t\t<div class=\"elementor-element elementor-element-5f2704c elementor-grid-mobile-2 elementor-grid-3 elementor-grid-tablet-2 elementor-posts--thumbnail-top elementor-widget elementor-widget-posts\" data-id=\"5f2704c\" data-element_type=\"widget\" data-settings=\"{&quot;classic_columns_mobile&quot;:&quot;2&quot;,&quot;classic_row_gap_mobile&quot;:{&quot;unit&quot;:&quot;px&quot;,&quot;size&quot;:10,&quot;sizes&quot;:[]},&quot;classic_columns&quot;:&quot;3&quot;,&quot;classic_columns_tablet&quot;:&quot;2&quot;,&quot;classic_row_gap&quot;:{&quot;unit&quot;:&quot;px&quot;,&quot;size&quot;:35,&quot;sizes&quot;:[]},&quot;classic_row_gap_tablet&quot;:{&quot;unit&quot;:&quot;px&quot;,&quot;size&quot;:&quot;&quot;,&quot;sizes&quot;:[]}}\" data-widget_type=\"posts.classic\">\n\t\t\t\t<div class=\"elementor-widget-container\">\n\t\t\t\t\t<div class=\"elementor-posts-container elementor-posts elementor-posts--skin-classic elementor-grid\">\n\t\t\t\t<article class=\"elementor-post elementor-grid-item post-1078 post type-post status-publish format-standard has-post-thumbnail hentry category-uncategorized\">\n\t\t\t\t<a class=\"elementor-post__thumbnail__link\" href=\"https:\/\/rotary.b01.me\/index.php\/2025\/07\/18\/mercatello-sul-metauro\/\" tabindex=\"-1\" >\n\t\t\t<div class=\"elementor-post__thumbnail\"><img fetchpriority=\"high\" decoding=\"async\" width=\"1810\" height=\"2560\" src=\"https:\/\/rotary.b01.me\/wp-content\/uploads\/2025\/07\/meraviglie-scaled.jpg\" class=\"attachment-full size-full wp-image-1080\" alt=\"\" srcset=\"https:\/\/rotary.b01.me\/wp-content\/uploads\/2025\/07\/meraviglie-scaled.jpg 1810w, https:\/\/rotary.b01.me\/wp-content\/uploads\/2025\/07\/meraviglie-212x300.jpg 212w, https:\/\/rotary.b01.me\/wp-content\/uploads\/2025\/07\/meraviglie-724x1024.jpg 724w, https:\/\/rotary.b01.me\/wp-content\/uploads\/2025\/07\/meraviglie-768x1086.jpg 768w, https:\/\/rotary.b01.me\/wp-content\/uploads\/2025\/07\/meraviglie-1086x1536.jpg 1086w, https:\/\/rotary.b01.me\/wp-content\/uploads\/2025\/07\/meraviglie-1448x2048.jpg 1448w\" sizes=\"(max-width: 1810px) 100vw, 1810px\" \/><\/div>\n\t\t<\/a>\n\t\t\t\t<div class=\"elementor-post__text\">\n\t\t\t\t<h3 class=\"elementor-post__title\">\n\t\t\t<a href=\"https:\/\/rotary.b01.me\/index.php\/2025\/07\/18\/mercatello-sul-metauro\/\" >\n\t\t\t\tMercatello sul metauro\t\t\t<\/a>\n\t\t<\/h3>\n\t\t\n\t\t<a class=\"elementor-post__read-more\" href=\"https:\/\/rotary.b01.me\/index.php\/2025\/07\/18\/mercatello-sul-metauro\/\" aria-label=\"Read more about Mercatello sul metauro\" tabindex=\"-1\" >\n\t\t\tLeggi di pi\u00f9 \u00bb\t\t<\/a>\n\n\t\t\t\t<\/div>\n\t\t\t\t<\/article>\n\t\t\t\t<article class=\"elementor-post elementor-grid-item post-1056 post type-post status-publish format-standard has-post-thumbnail hentry category-uncategorized\">\n\t\t\t\t<a class=\"elementor-post__thumbnail__link\" href=\"https:\/\/rotary.b01.me\/index.php\/2025\/07\/18\/cerimonia-cambio-del-martelletto\/\" tabindex=\"-1\" >\n\t\t\t<div class=\"elementor-post__thumbnail\"><img decoding=\"async\" width=\"1810\" height=\"2560\" src=\"https:\/\/rotary.b01.me\/wp-content\/uploads\/2025\/07\/18_CAMBIO-MARTELLETTO_5-LUGLIO_2025-scaled.jpg\" class=\"attachment-full size-full wp-image-1058\" alt=\"\" srcset=\"https:\/\/rotary.b01.me\/wp-content\/uploads\/2025\/07\/18_CAMBIO-MARTELLETTO_5-LUGLIO_2025-scaled.jpg 1810w, https:\/\/rotary.b01.me\/wp-content\/uploads\/2025\/07\/18_CAMBIO-MARTELLETTO_5-LUGLIO_2025-212x300.jpg 212w, https:\/\/rotary.b01.me\/wp-content\/uploads\/2025\/07\/18_CAMBIO-MARTELLETTO_5-LUGLIO_2025-724x1024.jpg 724w, https:\/\/rotary.b01.me\/wp-content\/uploads\/2025\/07\/18_CAMBIO-MARTELLETTO_5-LUGLIO_2025-768x1086.jpg 768w, https:\/\/rotary.b01.me\/wp-content\/uploads\/2025\/07\/18_CAMBIO-MARTELLETTO_5-LUGLIO_2025-1086x1536.jpg 1086w, https:\/\/rotary.b01.me\/wp-content\/uploads\/2025\/07\/18_CAMBIO-MARTELLETTO_5-LUGLIO_2025-1448x2048.jpg 1448w\" sizes=\"(max-width: 1810px) 100vw, 1810px\" \/><\/div>\n\t\t<\/a>\n\t\t\t\t<div class=\"elementor-post__text\">\n\t\t\t\t<h3 class=\"elementor-post__title\">\n\t\t\t<a href=\"https:\/\/rotary.b01.me\/index.php\/2025\/07\/18\/cerimonia-cambio-del-martelletto\/\" >\n\t\t\t\tCerimonia Cambio del Martelletto\t\t\t<\/a>\n\t\t<\/h3>\n\t\t\n\t\t<a class=\"elementor-post__read-more\" href=\"https:\/\/rotary.b01.me\/index.php\/2025\/07\/18\/cerimonia-cambio-del-martelletto\/\" aria-label=\"Read more about Cerimonia Cambio del Martelletto\" tabindex=\"-1\" >\n\t\t\tLeggi di pi\u00f9 \u00bb\t\t<\/a>\n\n\t\t\t\t<\/div>\n\t\t\t\t<\/article>\n\t\t\t\t<article class=\"elementor-post elementor-grid-item post-965 post type-post status-publish format-standard has-post-thumbnail hentry category-uncategorized\">\n\t\t\t\t<a class=\"elementor-post__thumbnail__link\" href=\"https:\/\/rotary.b01.me\/index.php\/2025\/06\/03\/concorso-urbino-2030\/\" tabindex=\"-1\" >\n\t\t\t<div class=\"elementor-post__thumbnail\"><img decoding=\"async\" width=\"1448\" height=\"2048\" src=\"https:\/\/rotary.b01.me\/wp-content\/uploads\/2025\/06\/urbino2030.jpg\" class=\"attachment-full size-full wp-image-967\" alt=\"\" srcset=\"https:\/\/rotary.b01.me\/wp-content\/uploads\/2025\/06\/urbino2030.jpg 1448w, https:\/\/rotary.b01.me\/wp-content\/uploads\/2025\/06\/urbino2030-212x300.jpg 212w, https:\/\/rotary.b01.me\/wp-content\/uploads\/2025\/06\/urbino2030-724x1024.jpg 724w, https:\/\/rotary.b01.me\/wp-content\/uploads\/2025\/06\/urbino2030-768x1086.jpg 768w, https:\/\/rotary.b01.me\/wp-content\/uploads\/2025\/06\/urbino2030-1086x1536.jpg 1086w\" sizes=\"(max-width: 1448px) 100vw, 1448px\" \/><\/div>\n\t\t<\/a>\n\t\t\t\t<div class=\"elementor-post__text\">\n\t\t\t\t<h3 class=\"elementor-post__title\">\n\t\t\t<a href=\"https:\/\/rotary.b01.me\/index.php\/2025\/06\/03\/concorso-urbino-2030\/\" >\n\t\t\t\tConcorso Urbino 2030\t\t\t<\/a>\n\t\t<\/h3>\n\t\t\n\t\t<a class=\"elementor-post__read-more\" href=\"https:\/\/rotary.b01.me\/index.php\/2025\/06\/03\/concorso-urbino-2030\/\" aria-label=\"Read more about Concorso Urbino 2030\" tabindex=\"-1\" >\n\t\t\tLeggi di pi\u00f9 \u00bb\t\t<\/a>\n\n\t\t\t\t<\/div>\n\t\t\t\t<\/article>\n\t\t\t\t<\/div>\n\t\t\n\t\t\t\t<\/div>\n\t\t\t\t<\/div>\n\t\t\t\t<div class=\"elementor-element elementor-element-63fd44d elementor-widget__width-auto elementor-align-center elementor-widget elementor-widget-button\" data-id=\"63fd44d\" data-element_type=\"widget\" data-widget_type=\"button.default\">\n\t\t\t\t<div class=\"elementor-widget-container\">\n\t\t\t\t\t\t\t<div class=\"elementor-button-wrapper\">\n\t\t\t\t\t<a class=\"elementor-button elementor-button-link elementor-size-sm\" href=\"https:\/\/rotary.b01.me\/index.php\/attivita\/\">\n\t\t\t\t\t\t<span class=\"elementor-button-content-wrapper\">\n\t\t\t\t\t\t\t\t\t<span class=\"elementor-button-text\">Vedi tutte<\/span>\n\t\t\t\t\t<\/span>\n\t\t\t\t\t<\/a>\n\t\t\t\t<\/div>\n\t\t\t\t\t\t<\/div>\n\t\t\t\t<\/div>\n\t\t\t\t\t<\/div>\n\t\t\t\t<\/div>\n\t\t<div class=\"elementor-element elementor-element-38c2b4c e-flex e-con-boxed e-con e-parent\" data-id=\"38c2b4c\" data-element_type=\"container\">\n\t\t\t\t\t<div class=\"e-con-inner\">\n\t\t\t\t<div class=\"elementor-element elementor-element-b6090ae elementor-widget-divider--view-line elementor-widget elementor-widget-divider\" data-id=\"b6090ae\" data-element_type=\"widget\" data-widget_type=\"divider.default\">\n\t\t\t\t<div class=\"elementor-widget-container\">\n\t\t\t\t\t<div class=\"elementor-divider\">\n\t\t\t<span class=\"elementor-divider-separator\">\n\t\t\t\t\t\t<\/span>\n\t\t<\/div>\n\t\t\t\t<\/div>\n\t\t\t\t<\/div>\n\t\t\t\t\t<\/div>\n\t\t\t\t<\/div>\n\t\t<div class=\"elementor-element elementor-element-de19e9e e-flex e-con-boxed elementor-invisible e-con e-parent\" data-id=\"de19e9e\" data-element_type=\"container\" data-settings=\"{&quot;animation&quot;:&quot;fadeInDown&quot;}\">\n\t\t\t\t\t<div class=\"e-con-inner\">\n\t\t\t\t<div class=\"elementor-element elementor-element-c8a147f elementor-widget elementor-widget-text-editor\" data-id=\"c8a147f\" data-element_type=\"widget\" data-widget_type=\"text-editor.default\">\n\t\t\t\t<div class=\"elementor-widget-container\">\n\t\t\t\t\t\t\t<p>Convegno Citt\u00e0 Storiche Unesco<br \/><span style=\"color: #f4ac05;\">Malta 4-6 aprile 2025<\/span><\/p>\t\t\t\t\t\t<\/div>\n\t\t\t\t<\/div>\n\t\t\t\t\t<\/div>\n\t\t\t\t<\/div>\n\t\t<div class=\"elementor-element elementor-element-c626dcf e-flex e-con-boxed elementor-invisible e-con e-parent\" data-id=\"c626dcf\" data-element_type=\"container\" data-settings=\"{&quot;animation&quot;:&quot;fadeInUp&quot;}\">\n\t\t\t\t\t<div class=\"e-con-inner\">\n\t\t\t\t<div class=\"elementor-element elementor-element-68a6f58 elementor-widget elementor-widget-image\" data-id=\"68a6f58\" data-element_type=\"widget\" data-widget_type=\"image.default\">\n\t\t\t\t<div class=\"elementor-widget-container\">\n\t\t\t\t\t\t\t\t\t\t\t\t\t\t<a href=\"https:\/\/maltaevents.mt\/rotary2025\/\" target=\"_blank\">\n\t\t\t\t\t\t\t<img loading=\"lazy\" decoding=\"async\" width=\"800\" height=\"318\" src=\"https:\/\/rotary.b01.me\/wp-content\/uploads\/2025\/01\/malta-1024x407.jpg\" class=\"attachment-large size-large wp-image-128\" alt=\"\" srcset=\"https:\/\/rotary.b01.me\/wp-content\/uploads\/2025\/01\/malta-1024x407.jpg 1024w, https:\/\/rotary.b01.me\/wp-content\/uploads\/2025\/01\/malta-300x119.jpg 300w, https:\/\/rotary.b01.me\/wp-content\/uploads\/2025\/01\/malta-768x305.jpg 768w, https:\/\/rotary.b01.me\/wp-content\/uploads\/2025\/01\/malta.jpg 1279w\" sizes=\"(max-width: 800px) 100vw, 800px\" \/>\t\t\t\t\t\t\t\t<\/a>\n\t\t\t\t\t\t\t\t\t\t\t\t\t<\/div>\n\t\t\t\t<\/div>\n\t\t\t\t<div class=\"elementor-element elementor-element-a691481 elementor-widget__width-auto elementor-align-center elementor-widget elementor-widget-button\" data-id=\"a691481\" data-element_type=\"widget\" data-widget_type=\"button.default\">\n\t\t\t\t<div class=\"elementor-widget-container\">\n\t\t\t\t\t\t\t<div class=\"elementor-button-wrapper\">\n\t\t\t\t\t<a class=\"elementor-button elementor-button-link elementor-size-sm\" href=\"https:\/\/maltaevents.mt\/rotary2025\/\" target=\"_blank\">\n\t\t\t\t\t\t<span class=\"elementor-button-content-wrapper\">\n\t\t\t\t\t\t\t\t\t<span class=\"elementor-button-text\">Scopri di pi\u00f9 sul Convegno di Malta<\/span>\n\t\t\t\t\t<\/span>\n\t\t\t\t\t<\/a>\n\t\t\t\t<\/div>\n\t\t\t\t\t\t<\/div>\n\t\t\t\t<\/div>\n\t\t\t\t\t<\/div>\n\t\t\t\t<\/div>\n\t\t<div class=\"elementor-element elementor-element-ac72eac e-flex e-con-boxed e-con e-parent\" data-id=\"ac72eac\" data-element_type=\"container\">\n\t\t\t\t\t<div class=\"e-con-inner\">\n\t\t\t\t<div class=\"elementor-element elementor-element-ce80cc7 elementor-widget-divider--view-line elementor-widget elementor-widget-divider\" data-id=\"ce80cc7\" data-element_type=\"widget\" data-widget_type=\"divider.default\">\n\t\t\t\t<div class=\"elementor-widget-container\">\n\t\t\t\t\t<div class=\"elementor-divider\">\n\t\t\t<span class=\"elementor-divider-separator\">\n\t\t\t\t\t\t<\/span>\n\t\t<\/div>\n\t\t\t\t<\/div>\n\t\t\t\t<\/div>\n\t\t\t\t\t<\/div>\n\t\t\t\t<\/div>\n\t\t<div class=\"elementor-element elementor-element-3194755 e-flex e-con-boxed elementor-invisible e-con e-parent\" data-id=\"3194755\" data-element_type=\"container\" data-settings=\"{&quot;background_background&quot;:&quot;slideshow&quot;,&quot;background_slideshow_gallery&quot;:[{&quot;id&quot;:22,&quot;url&quot;:&quot;http:\\\/\\\/rotary.b01.me\\\/wp-content\\\/uploads\\\/2024\\\/12\\\/bimbo.jpg&quot;}],&quot;animation&quot;:&quot;fadeInRight&quot;,&quot;background_slideshow_loop&quot;:&quot;yes&quot;,&quot;background_slideshow_slide_duration&quot;:5000,&quot;background_slideshow_slide_transition&quot;:&quot;fade&quot;,&quot;background_slideshow_transition_duration&quot;:500}\">\n\t\t\t\t\t<div class=\"e-con-inner\">\n\t\t\t\t<div class=\"elementor-element elementor-element-2ed0dbd elementor-widget elementor-widget-image\" data-id=\"2ed0dbd\" data-element_type=\"widget\" data-widget_type=\"image.default\">\n\t\t\t\t<div class=\"elementor-widget-container\">\n\t\t\t\t\t\t\t\t\t\t\t\t\t<img loading=\"lazy\" decoding=\"async\" width=\"227\" height=\"86\" src=\"https:\/\/rotary.b01.me\/wp-content\/uploads\/2024\/12\/logo_bianco.png\" class=\"attachment-medium size-medium wp-image-23\" alt=\"\" \/>\t\t\t\t\t\t\t\t\t\t\t\t\t<\/div>\n\t\t\t\t<\/div>\n\t\t\t\t<div class=\"elementor-element elementor-element-fbbf16e elementor-widget elementor-widget-text-editor\" data-id=\"fbbf16e\" data-element_type=\"widget\" data-widget_type=\"text-editor.default\">\n\t\t\t\t<div class=\"elementor-widget-container\">\n\t\t\t\t\t\t\t<p>Il Rotary \u00e8 una rete globale di 1,2 milioni di uomini e donne intraprendenti, amici, conoscenti, professionisti e imprenditori che credono in un mondo dove tutti i popoli, insieme, promuovono cambiamenti positivi e duraturi nelle comunit\u00e0 vicine, in quelle lontane, in ognuno di noi.<\/p>\t\t\t\t\t\t<\/div>\n\t\t\t\t<\/div>\n\t\t\t\t<div class=\"elementor-element elementor-element-3abcfe4 elementor-widget__width-auto elementor-widget elementor-widget-button\" data-id=\"3abcfe4\" data-element_type=\"widget\" data-widget_type=\"button.default\">\n\t\t\t\t<div class=\"elementor-widget-container\">\n\t\t\t\t\t\t\t<div class=\"elementor-button-wrapper\">\n\t\t\t\t\t<a class=\"elementor-button elementor-button-link elementor-size-sm\" href=\"https:\/\/rotary.b01.me\/index.php\/il-rotary\/\">\n\t\t\t\t\t\t<span class=\"elementor-button-content-wrapper\">\n\t\t\t\t\t\t\t\t\t<span class=\"elementor-button-text\">Scopri di pi\u00f9 sul Rotary<\/span>\n\t\t\t\t\t<\/span>\n\t\t\t\t\t<\/a>\n\t\t\t\t<\/div>\n\t\t\t\t\t\t<\/div>\n\t\t\t\t<\/div>\n\t\t\t\t\t<\/div>\n\t\t\t\t<\/div>\n\t\t<div class=\"elementor-element elementor-element-5e0a0f5 e-flex e-con-boxed e-con e-parent\" data-id=\"5e0a0f5\" data-element_type=\"container\">\n\t\t\t\t\t<div class=\"e-con-inner\">\n\t\t\t\t<div class=\"elementor-element elementor-element-02a5cc6 elementor-widget elementor-widget-text-editor\" data-id=\"02a5cc6\" data-element_type=\"widget\" data-widget_type=\"text-editor.default\">\n\t\t\t\t<div class=\"elementor-widget-container\">\n\t\t\t\t\t\t\tRotary Club Urbino\nGemellato con:\t\t\t\t\t\t<\/div>\n\t\t\t\t<\/div>\n\t\t\t\t<div class=\"elementor-element elementor-element-4421c39 elementor-widget elementor-widget-text-editor\" data-id=\"4421c39\" data-element_type=\"widget\" data-widget_type=\"text-editor.default\">\n\t\t\t\t<div class=\"elementor-widget-container\">\n\t\t\t\t\t\t\t<p class=\"p1\">Rotary Klub Zamo\u015b\u0107 Ordynacki<\/p>\t\t\t\t\t\t<\/div>\n\t\t\t\t<\/div>\n\t\t\t\t\t<\/div>\n\t\t\t\t<\/div>\n\t\t\t\t<\/div>\n\t\t","protected":false},"excerpt":{"rendered":"<p>http:\/\/rotary.b01.me\/wp-content\/uploads\/2025\/05\/Video-Rotary-ok.mp4 \u2193 In evidenza Vedi tutte Convegno Citt\u00e0 Storiche UnescoMalta 4-6 aprile 2025 Scopri di pi\u00f9 sul Convegno di Malta Il Rotary \u00e8 una rete<\/p>\n","protected":false},"author":1,"featured_media":0,"parent":0,"menu_order":0,"comment_status":"closed","ping_status":"closed","template":"","meta":{"footnotes":""},"class_list":["post-2","page","type-page","status-publish","hentry"],"_links":{"self":[{"href":"https:\/\/rotary.b01.me\/index.php\/wp-json\/wp\/v2\/pages\/2","targetHints":{"allow":["GET"]}}],"collection":[{"href":"https:\/\/rotary.b01.me\/index.php\/wp-json\/wp\/v2\/pages"}],"about":[{"href":"https:\/\/rotary.b01.me\/index.php\/wp-json\/wp\/v2\/types\/page"}],"author":[{"embeddable":true,"href":"https:\/\/rotary.b01.me\/index.php\/wp-json\/wp\/v2\/users\/1"}],"replies":[{"embeddable":true,"href":"https:\/\/rotary.b01.me\/index.php\/wp-json\/wp\/v2\/comments?post=2"}],"version-history":[{"count":136,"href":"https:\/\/rotary.b01.me\/index.php\/wp-json\/wp\/v2\/pages\/2\/revisions"}],"predecessor-version":[{"id":1049,"href":"https:\/\/rotary.b01.me\/index.php\/wp-json\/wp\/v2\/pages\/2\/revisions\/1049"}],"wp:attachment":[{"href":"https:\/\/rotary.b01.me\/index.php\/wp-json\/wp\/v2\/media?parent=2"}],"curies":[{"name":"wp","href":"https:\/\/api.w.org\/{rel}","templated":true}]}}